1
-111110 (base 2) to base 10
-62
Convert 1 (base 13) to base 6.
1
Convert 110 (base 5) to base 16.
1e
What is -30 (base 14) in base 7?
-60
-47 (base 9) to base 16
-2b
What is 48 (base 14) in base 5?
224
What is -22 (base 3) in base 14?
-8
Convert -1101 (base 2) to base 13.
-10
Convert 22 (base 10) to base 4.
112
-64 (base 15) to base 14
-6a
Convert -2 (base 4) to base 8.
-2
Convert -9 (base 10) to base 2.
-1001
Convert 6b (base 13) to base 10.
89
What is -111 (base 2) in base 11?
-7
What is -4 (base 6) in base 12?
-4
Convert -46 (base 14) to base 11.
-57
What is -121 (base 11) in base 12?
-100
-3 (base 4) to base 7
-3
Convert -1 (base 13) to base 11.
-1
151 (base 6) to base 8
103
0 (base 2) to base 15
0
2 (base 6) to base 7
2
What is 2211 (base 3) in base 15?
51
b (base 14) to base 4
23
Convert -62 (base 7) to base 8.
-54
What is -37 (base 12) in base 4?
-223
What is 102 (base 3) in base 6?
15
-11c (base 13) to base 2
-11000010
What is ba (base 15) in base 12?
127
What is 44 (base 6) in base 8?
34
What is -12 (base 15) in base 11?
-16
1 (base 14) to base 13
1
6 (base 16) to base 13
6
-11 (base 10) to base 15
-b
Convert 3 (base 12) to base 4.
3
What is -1 (base 4) in base 11?
-1
0 (base 13) to base 3
0
What is -126 (base 13) in base 5?
-1301
What is 12 (base 7) in base 16?
9
Convert -41 (base 12) to base 15.
-34
Convert 1 (base 4) to base 10.
1
What is -11b (base 13) in base 16?
-c1
13 (base 4) to base 11
7
Convert 44 (base 12) to base 8.
64
What is 0 (base 8) in base 16?
0
Convert 11 (base 11) to base 2.
1100
-6 (base 8) to base 14
-6
-2 (base 16) to base 7
-2
Convert 113 (base 4) to base 11.
21
What is -23 (base 14) in base 16?
-1f
What is 7 (base 9) in base 2?
111
14 (base 7) to base 15
b
Convert 6 (base 7) to base 15.
6
Convert 5c (base 16) to base 7.
161
-4 (base 10) to base 14
-4
-5 (base 9) to base 7
-5
Convert 1012 (base 5) to base 7.
246
Convert -97 (base 11) to base 15.
-71
2 (base 5) to base 6
2
0 (base 9) to base 6
0
Convert 313 (base 4) to base 5.
210
1 (base 7) to base 14
1
-4 (base 12) to base 7
-4
What is -1 (base 3) in base 12?
-1
What is 3 (base 16) in base 15?
3
What is -d4 (base 15) in base 8?
-307
4 (base 7) to base 13
4
What is 1000 (base 3) in base 9?
30
10100 (base 2) to base 8
24
Convert 232 (base 10) to base 12.
174
Convert -10 (base 10) to base 4.
-22
What is 3 (base 4) in base 3?
10
Convert -111111 (base 2) to base 5.
-223
Convert -5 (base 8) to base 6.
-5
What is -1 (base 5) in base 4?
-1
-2 (base 16) to base 11
-2
Convert -1101 (base 3) to base 7.
-52
What is 0 (base 8) in base 4?
0
2 (base 8) to base 10
2
What is 2003 (base 4) in base 14?
95
Convert 1002 (base 3) to base 12.
25
What is -110 (base 2) in base 6?
-10
11101 (base 2) to base 9
32
What is 26 (base 9) in base 3?
220
Convert -11 (base 10) to base 2.
-1011
1 (base 8) to base 15
1
Convert 49 (base 14) to base 4.
1001
-2 (base 13) to base 12
-2
Convert -11 (base 11) to base 7.
-15
Convert 20 (base 4) to base 15.
8
10 (base 3) to base 8
3
What is -64 (base 7) in base 14?
-34
9b (base 13) to base 10
128
What is -53 (base 6) in base 2?
-100001
Convert -35 (base 14) to base 10.
-47
What is 33 (base 5) in base 15?
13
Convert -136 (base 7) to base 13.
-5b
Convert 21 (base 16) to base 8.
41
What is 297 (base 10) in base 11?
250
-22 (base 16) to base 15
-24
What is 332 (base 4) in base 14?
46
-3 (base 14) to base 10
-3
122 (base 3) to base 9
18
What is 2 (base 3) in base 10?
2
What is 0 (base 13) in base 14?
0
What is 3 (base 6) in base 13?
3
-135 (base 10) to base 13
-a5
Convert -3 (base 9) to base 11.
-3
414 (base 5) to base 7
214
-11 (base 5) to base 4
-12
Convert -5 (base 16) to base 15.
-5
Convert 124 (base 8) to base 3.
10010
What is 0 (base 3) in base 13?
0
9 (base 13) to base 8
11
Convert 1 (base 16) to base 9.
1
-12 (base 9) to base 13
-b
-4 (base 10) to base 2
-100
Convert -22 (base 4) to base 15.
-a
-3 (base 4) to base 6
-3
Convert 625 (base 7) to base 9.
377
5 (base 12) to base 15
5
Convert -8 (base 14) to base 13.
-8
2e (base 16) to base 13
37
2 (base 11) to base 6
2
Convert -50 (base 9) to base 4.
-231
What is 2 (base 9) in base 10?
2
Convert -3 (base 4) to base 9.
-3
What is 21 (base 13) in base 7?
36
6 (base 11) to base 8
6
Convert 3 (base 9) to base 3.
10
-1022 (base 3) to base 11
-32
What is -c (base 14) in base 9?
-13
What is -122 (base 5) in base 13?
-2b
Convert -5 (base 14) to base 11.
-5
4 (base 15) to base 14
4
Convert 3 (base 9) to base 8.
3
What is -2 (base 15) in base 13?
-2
8 (base 10) to base 6
12
Convert -3 (base 12) to base 7.
-3
What is 16 (base 11) in base 10?
17
-41 (base 5) to base 11
-1a
Convert -8 (base 12) to base 9.
-8
23 (base 13) to base 15
1e
27 (base 14) to base 16
23
Convert 10 (base 8) to base 2.
1000
Convert 2 (base 3) to base 2.
10
What is -29 (base 16) in base 12?
-35
What is -87 (base 15) in base 8?
-177
What is 2 (base 7) in base 6?
2
Convert 3 (base 6) to base 13.
3
Convert 1 (base 12) to base 4.
1
What is -95 (base 14) in base 10?
-131
-164 (base 16) to base 4
-11210
What is 2000 (base 3) in base 5?
204
Convert 11 (base 11) to base 10.
12
Convert 3 (base 9) to base 13.
3
1 (base 12) to base 15
1
-10 (base 8) to base 14
-8
Convert -22 (base 4) to base 12.
-a
-1 (base 12) to base 15
-1
What is -21 (base 12) in base 3?
-221
-111 (base 3) to base 6
-21
What is 8 (base 9) in base 4?
20
-1 (base 14) to base 6
-1
What is 6 (base 9) in base 8?
6
10 (base 2) to base 9
2
Convert 7 (base 10) to base 2.
111
12 (base 3) to base 11
5
Convert 176 (base 10) to base 4.
2300
What is -213 (base 4) in base 3?
-1110
-64 (base 13) to base 15
-57
Convert -6 (base 12) to base 8.
-6
What is 4 (base 8) in base 4?
10
Convert 12 (base 7) to base 2.
1001
Convert -2 (base 4) to base 14.
-2
What is 1 (base 7) in base 14?
1
-2b (base 13) to base 16
-25
What is 3 (base 13) in base 3?
10
-10 (base 13) to base 9
-14
-2 (base 10) to base 8
-2
Convert -3 (base 9) to base 10.
-3
-225 (base 6) to base 11
-81
Convert 1 (base 10) to base 12.
1
2 (base 7) to base 6
2
What is 0 (base 9) in base 14?
0
2 (base 3) to base 9
2
What is -4 (base 5) in base 9?
-4
-2 (base 5) to base 4
-2
Convert -6 (base 9) to base 15.
-6
1 (base 5) to base 4
1
What is 112 (base 3) in base 13?
11
0 (base 10) to base 7
0
Convert -42 (base 15) to base 13.
-4a
What is 1 (base 7) in base 14?
1
Convert -111 (base 2) to base 4.
-13
122 (base 3) to base 7
23
12 (base 7) to base 5
14
5 (base 11) to base 16
5
Convert 36 (base 8) to base 4.
132
Convert -11 (base 7) to base 12.
-8
Convert 221 (base 3) to base 9.
27
What is 15 (base 13) in base 10?
18
What is -1011010 (base 2) in base 12?
-76
Convert 404 (base 8) to base 11.
217
6 (base 13) to base 3
20
What is 1001101 (base 2) in base 11?
70
1 (base 2) to base 10
1
Convert 1 (base 4) to base 2.
1
What is 432 (base 5) in base 15?
7c
Convert -14 (base 8) to base 15.
-c
-11 (base 2) to base 7
-3
What is 5 (base 16) in base 11?
5
What is c7 (base 13) in base 15?
ad
3 (base 7) to base 5
3
-101 (base 2) to base 9
-5
Convert b (base 16) to base 6.
15
4a (base 11) to base 2
110110
What is 102 (base 9) in base 10?
83
What is 10 (base 9) in base 7?
12
Convert -1 (base 9) to base 10.
-1
Convert -6 (base 16) to base 13.
-6
Convert -4 (base 12) to base 15.
-4
What is -1010 (base 3) in base 11?
-28
What is 0 (base 7) in base 9?
0
-4 (base 7) to base 5
-4
What is -12 (base 7) in base 13?
-9
Convert 13 (base 14) to base 2.
10001
What is 0 (base 6) in base 2?
0
Convert -1 (base 11) to base 5.
-1
-1010 (base 2) to base 5
-20
Convert 6 (base 8) to base 6.
10
Convert -20 (base 5) to base 6.
-14
51 (base 6) to base 7
43
Convert 97 (base 16) to base 13.
b8
-3 (base 8) to base 5
-3
Convert 2 (base 8) to base 14.
2
Convert -d (base 15) to base 7.
-16
1021 (base 4) to base 15
4d
Convert -3 (base 11) to base 7.
-3
4b (base 16) to base 15
50
-202 (base 4) to base 9
-37
What is 8c (base 14) in base 9?
147
What is e (base 16) in base 14?
10
Convert -1 (base 8) to base 5.
-1
What is -1 (base 14) in base 7?
-1
Convert 6 (base 15) to base 10.
6
What is -1 (base 3) in base 9?
-1
12 (base 3) to base 5
10
1 (base 8) to base 10
1
What is 2 (base 11) in base 13?
2
Convert 322 (base 4) to base 8.
72
What is 74 (base 9) in base 4?
1003
Convert -3 (base 14) to base 10.
-3
Con